{"id":1322,"date":"2026-01-21T08:48:58","date_gmt":"2026-01-21T08:48:58","guid":{"rendered":"https:\/\/selmaakcakaya.com.tr\/?page_id=1322"},"modified":"2026-01-21T08:48:58","modified_gmt":"2026-01-21T08:48:58","slug":"egitimler","status":"publish","type":"page","link":"https:\/\/selmaakcakaya.com.tr\/?page_id=1322","title":{"rendered":"E\u011fitimler"},"content":{"rendered":"","protected":false},"excerpt":{"rendered":"","protected":false},"author":1,"featured_media":0,"parent":0,"menu_order":0,"comment_status":"closed","ping_status":"closed","template":"","meta":{"_monsterinsights_skip_tracking":false,"_monsterinsights_sitenote_active":false,"_monsterinsights_sitenote_note":"","_monsterinsights_sitenote_category":0,"footnotes":""},"class_list":["post-1322","page","type-page","status-publish","hentry"],"yoast_head":"<!-- This site is optimized with the Yoast SEO plugin v27.5 - https:\/\/yoast.com\/product\/yoast-seo-wordpress\/ -->\n<title>E\u011fitimler - Selma Akku\u015f<\/title>\n<meta name=\"robots\" content=\"index, follow, max-snippet:-1, max-image-preview:large, max-video-preview:-1\" \/>\n<link rel=\"canonical\" href=\"https:\/\/selmaakcakaya.com.tr\/?page_id=1322\" \/>\n<meta property=\"og:locale\" content=\"en_US\" \/>\n<meta property=\"og:type\" content=\"article\" \/>\n<meta property=\"og:title\" content=\"E\u011fitimler - Selma Akku\u015f\" \/>\n<meta property=\"og:url\" content=\"https:\/\/selmaakcakaya.com.tr\/?page_id=1322\" \/>\n<meta property=\"og:site_name\" content=\"Selma Akku\u015f\" \/>\n<meta name=\"twitter:card\" content=\"summary_large_image\" \/>\n<script type=\"application\/ld+json\" class=\"yoast-schema-graph\">{\"@context\":\"https:\\\/\\\/schema.org\",\"@graph\":[{\"@type\":\"WebPage\",\"@id\":\"https:\\\/\\\/selmaakcakaya.com.tr\\\/?page_id=1322\",\"url\":\"https:\\\/\\\/selmaakcakaya.com.tr\\\/?page_id=1322\",\"name\":\"E\u011fitimler - Selma Akku\u015f\",\"isPartOf\":{\"@id\":\"https:\\\/\\\/selmaakcakaya.com.tr\\\/#website\"},\"datePublished\":\"2026-01-21T08:48:58+00:00\",\"breadcrumb\":{\"@id\":\"https:\\\/\\\/selmaakcakaya.com.tr\\\/?page_id=1322#breadcrumb\"},\"inLanguage\":\"en-US\",\"potentialAction\":[{\"@type\":\"ReadAction\",\"target\":[\"https:\\\/\\\/selmaakcakaya.com.tr\\\/?page_id=1322\"]}]},{\"@type\":\"BreadcrumbList\",\"@id\":\"https:\\\/\\\/selmaakcakaya.com.tr\\\/?page_id=1322#breadcrumb\",\"itemListElement\":[{\"@type\":\"ListItem\",\"position\":1,\"name\":\"Home\",\"item\":\"https:\\\/\\\/selmaakcakaya.com.tr\\\/\"},{\"@type\":\"ListItem\",\"position\":2,\"name\":\"E\u011fitimler\"}]},{\"@type\":\"WebSite\",\"@id\":\"https:\\\/\\\/selmaakcakaya.com.tr\\\/#website\",\"url\":\"https:\\\/\\\/selmaakcakaya.com.tr\\\/\",\"name\":\"Selma Akku\u015f\",\"description\":\"Ya\u015fam Ko\u00e7u\",\"potentialAction\":[{\"@type\":\"SearchAction\",\"target\":{\"@type\":\"EntryPoint\",\"urlTemplate\":\"https:\\\/\\\/selmaakcakaya.com.tr\\\/?s={search_term_string}\"},\"query-input\":{\"@type\":\"PropertyValueSpecification\",\"valueRequired\":true,\"valueName\":\"search_term_string\"}}],\"inLanguage\":\"en-US\"}]}<\/script>\n<!-- \/ Yoast SEO plugin. -->","yoast_head_json":{"title":"E\u011fitimler - Selma Akku\u015f","robots":{"index":"index","follow":"follow","max-snippet":"max-snippet:-1","max-image-preview":"max-image-preview:large","max-video-preview":"max-video-preview:-1"},"canonical":"https:\/\/selmaakcakaya.com.tr\/?page_id=1322","og_locale":"en_US","og_type":"article","og_title":"E\u011fitimler - Selma Akku\u015f","og_url":"https:\/\/selmaakcakaya.com.tr\/?page_id=1322","og_site_name":"Selma Akku\u015f","twitter_card":"summary_large_image","schema":{"@context":"https:\/\/schema.org","@graph":[{"@type":"WebPage","@id":"https:\/\/selmaakcakaya.com.tr\/?page_id=1322","url":"https:\/\/selmaakcakaya.com.tr\/?page_id=1322","name":"E\u011fitimler - Selma Akku\u015f","isPartOf":{"@id":"https:\/\/selmaakcakaya.com.tr\/#website"},"datePublished":"2026-01-21T08:48:58+00:00","breadcrumb":{"@id":"https:\/\/selmaakcakaya.com.tr\/?page_id=1322#breadcrumb"},"inLanguage":"en-US","potentialAction":[{"@type":"ReadAction","target":["https:\/\/selmaakcakaya.com.tr\/?page_id=1322"]}]},{"@type":"BreadcrumbList","@id":"https:\/\/selmaakcakaya.com.tr\/?page_id=1322#breadcrumb","itemListElement":[{"@type":"ListItem","position":1,"name":"Home","item":"https:\/\/selmaakcakaya.com.tr\/"},{"@type":"ListItem","position":2,"name":"E\u011fitimler"}]},{"@type":"WebSite","@id":"https:\/\/selmaakcakaya.com.tr\/#website","url":"https:\/\/selmaakcakaya.com.tr\/","name":"Selma Akku\u015f","description":"Ya\u015fam Ko\u00e7u","potentialAction":[{"@type":"SearchAction","target":{"@type":"EntryPoint","urlTemplate":"https:\/\/selmaakcakaya.com.tr\/?s={search_term_string}"},"query-input":{"@type":"PropertyValueSpecification","valueRequired":true,"valueName":"search_term_string"}}],"inLanguage":"en-US"}]}},"_links":{"self":[{"href":"https:\/\/selmaakcakaya.com.tr\/index.php?rest_route=\/wp\/v2\/pages\/1322","targetHints":{"allow":["GET"]}}],"collection":[{"href":"https:\/\/selmaakcakaya.com.tr\/index.php?rest_route=\/wp\/v2\/pages"}],"about":[{"href":"https:\/\/selmaakcakaya.com.tr\/index.php?rest_route=\/wp\/v2\/types\/page"}],"author":[{"embeddable":true,"href":"https:\/\/selmaakcakaya.com.tr\/index.php?rest_route=\/wp\/v2\/users\/1"}],"replies":[{"embeddable":true,"href":"https:\/\/selmaakcakaya.com.tr\/index.php?rest_route=%2Fwp%2Fv2%2Fcomments&post=1322"}],"version-history":[{"count":0,"href":"https:\/\/selmaakcakaya.com.tr\/index.php?rest_route=\/wp\/v2\/pages\/1322\/revisions"}],"wp:attachment":[{"href":"https:\/\/selmaakcakaya.com.tr\/index.php?rest_route=%2Fwp%2Fv2%2Fmedia&parent=1322"}],"curies":[{"name":"wp","href":"https:\/\/api.w.org\/{rel}","templated":true}]}}